{"id":3,"date":"2023-12-01T19:53:59","date_gmt":"2023-12-01T19:53:59","guid":{"rendered":"https:\/\/staging.cimzone.com\/kngdok\/?page_id=3"},"modified":"2024-02-06T16:02:31","modified_gmt":"2024-02-06T16:02:31","slug":"politika-privatnosti","status":"publish","type":"page","link":"https:\/\/staging.cimzone.com\/kngdok\/politika-privatnosti\/","title":{"rendered":"Politika privatnosti"},"content":{"rendered":"[vc_row type=&#8221;in_container&#8221; full_screen_row_position=&#8221;middle&#8221; column_margin=&#8221;default&#8221; column_direction=&#8221;default&#8221; column_direction_tablet=&#8221;default&#8221; column_direction_phone=&#8221;default&#8221; scene_position=&#8221;center&#8221; text_color=&#8221;dark&#8221; text_align=&#8221;left&#8221; row_border_radius=&#8221;none&#8221; row_border_radius_applies=&#8221;bg&#8221; overflow=&#8221;visible&#8221; overlay_strength=&#8221;0.3&#8243; gradient_direction=&#8221;left_to_right&#8221; shape_divider_position=&#8221;bottom&#8221; bg_image_animation=&#8221;none&#8221;][vc_column column_padding=&#8221;no-extra-padding&#8221; column_padding_tablet=&#8221;inherit&#8221; column_padding_phone=&#8221;inherit&#8221; column_padding_position=&#8221;all&#8221; column_element_direction_desktop=&#8221;default&#8221; column_element_spacing=&#8221;default&#8221; desktop_text_alignment=&#8221;default&#8221; tablet_text_alignment=&#8221;default&#8221; phone_text_alignment=&#8221;default&#8221; background_color_opacity=&#8221;1&#8243; background_hover_color_opacity=&#8221;1&#8243; column_backdrop_filter=&#8221;none&#8221; column_shadow=&#8221;none&#8221; column_border_radius=&#8221;none&#8221; column_link_target=&#8221;_self&#8221; column_position=&#8221;default&#8221; gradient_direction=&#8221;left_to_right&#8221; overlay_strength=&#8221;0.3&#8243; width=&#8221;1\/1&#8243; tablet_width_inherit=&#8221;default&#8221; animation_type=&#8221;default&#8221; bg_image_animation=&#8221;none&#8221; border_type=&#8221;simple&#8221; column_border_width=&#8221;none&#8221; column_border_style=&#8221;solid&#8221;][vc_column_text]\n<h2>Politika privatnosti<br \/>\nObave\u0161tenje o obradi podataka o li\u010dnosti<\/h2>\n<p>&nbsp;<\/p>\n<p>Kako bismo Vas na transparentan i razumljv na\u010din obavestili o obradi Va\u0161ih podataka o li\u010dnosti prilikom kori\u0161\u0107enja na\u0161eg internet sajta www.kinggold.rs, a u skladu sa Zakonom o za\u0161titi podataka o li\u010dnosti (u daljem tekstu: \u201eZZPL\u201c), sa\u010dinili smo ovu Politiku privatnosti, koja se nalazi u nastavku.<\/p>\n<ul>\n<li>pristupajate sajtu na adresi www.kinggold.rs (u daljem tekstu: \u201eSajt\u201d),<\/li>\n<li>po\u0161aljete upit putem Sajta,<\/li>\n<li>koriste usluge kupovine investicionog zlata preko Sajta,<\/li>\n<li>prijavite se za na\u0161 Newsletter.<\/li>\n<\/ul>\n<h2>[divider line_type=&#8221;no-line&#8221; custom_height=&#8221;33&#8243;]<\/h2>\n<h2><\/h2>\n<h2>\u0160ta su podaci o li\u010dnosti?<\/h2>\n<p>Podaci o li\u010dnosti su svi podaci koji se neposredno odnose na Vas kao fizi\u010dko lice kao, i to: Va\u0161e ime, prezime, adresa elektronske po\u0161te, kontakt telefon, JMBG (odnosno, broj paso\u0161a ako za strano fizi\u010dko lice), adresa iz li\u010dne karte, adresa isporuke ukoliko se razlikuje od adrese iz li\u010dne karte.<\/p>\n<p>&nbsp;<\/p>\n<h2>Ko je rukovalac podataka?<\/h2>\n<p>Privredno dru\u0161tvo KING DOK DOO Beograd, Bulevar Kralja Aleksandra 60, Beograd, mati\u010dni broj 21782939, PIB: 112986341, koga zastupa direktor Marija Nikoli\u0107 (u daljem tekstu: \u201eKING DOK DOO\u201c), rukuje va\u0161im podacima, ta\u010dnije prikuplja ih, razvrstava, sistematizuje i vr\u0161i druge aktivnosti njihove obrade u skladu sa ZZPL.<\/p>\n<p>Zaposleni u KING DOK DOO su odgovorni i postupaju u skladu sa na\u010delima za\u0161tite podataka o li\u010dnosti propisanim ZZPL. Obavezujemo se da prikupljene podatke koristimo samo u dozvoljene svrhe i da ih ne prosle\u0111ujemo tre\u0107im licima. Pristup podacima, koje ste nam stavili na raspolaganje, imaju samo zaposleni kojima su isti neophodni za ispunjenje svrhe za koju su podaci o li\u010dnosti prikupljeni.<\/p>\n<p>&nbsp;<\/p>\n<h2>Koje podatke o li\u010dnosti prikupljamo i kako ih \u0161titimo?<\/h2>\n<p>Va\u0161i li\u010dni podaci se prikupljaju samo ako ove informacije date dobrovoljno, prilikom otvaranja korisni\u010dkog naloga, prilikom posete Sajta i postavljanja upita, zaklju\u010denja ili ispunjenja ugovora o kupovini investicionog zlata na Sajtu, i prijave za na\u0161 Newsletter.<\/p>\n<p>Kako biste obavili kupovinu u na\u0161oj internet prodavnici, KING DOK DOO prikuplja i obra\u0111uje va\u0161e: ime, prezime, adresu elektronske po\u0161te, kontakt telefon, JMBG (odnosno, broj paso\u0161a ako ste strano fizi\u010dko lice), adresu iz li\u010dne karte, adresa isporuke ukoliko se razlikuje od adrese iz li\u010dne karte. Navedeni podaci su neophodni za zaklju\u010denje ugovora o prodaji na daljinu, kreiranje predra\u010duna ili radi ispunjenja obaveza iz ugovora o prodaji \u2013 realizaciji isporuke, naplate i prijema robe.<\/p>\n<p>Date podatke unosite sami kada odaberete da postanete registrovan korisnik.<\/p>\n<p>Prilikom kori\u0161\u0107enja Sajta internet pretra\u017eiva\u010d koji koristite mo\u017ee prikupljati i na na\u0161 server poslati slede\u0107e anonimne podatke posetilaca kao \u0161to su: trajanje posete sajtu, stranice koje pose\u0107ujete na na\u0161em sajtu, tip pretra\u017eiva\u010da koji koristite, tip ure\u0111aja koji koristite, zemlju i grad iz kojih dolazite, referentnu stranicu sa koje dolazite (ako postoji), ime va\u0161eg internet provajdera, IP adresu ure\u0111aja sa kojeg je poslat upit. Ovo nije potpuna i sveobuhvatna lista anonimnih podataka koje sakupljamo, lista se bazira na karakteristikama i mogu\u0107nostima analiti\u010dkih softvera od strane tre\u0107ih lica koje koristimo. Podaci se \u010duvaju privremeno dok je posetilac na na\u0161oj stranici, a zatim se automatski bri\u0161u.<\/p>\n<p>Za prenos i skladi\u0161tenje li\u010dnih podataka koriste se procedure \u0161ifrovanja i sistemi kontrole pristupa najnovije generacije kako bi se na najbolji moguc\u0301i na\u010din za\u0161titili od neovla\u0161c\u0301enog pristupa.<\/p>\n<p>Tako\u0111e, registrovani korisnici mogu odabrati da na adresu svoje elektronske po\u0161te primaju marketin\u0161ke poruke KING GOLD DOO-a (slanje detalja o specijalnim ponudama, slanje periodi\u010dnih info biltena i\/ili drugog marketin\u0161kog materijala).<\/p>\n<p>Podatke o posetiocima na\u0161eg sajta koristimo za unapre\u0111ivanje na\u0161ih usluga i u svrhe vo\u0111enja statistike.<\/p>\n<p>&nbsp;<\/p>\n<h2>Svrha i pravni osnov obrade podataka o li\u010dnosti<\/h2>\n<p>Va\u0161i li\u010dni podaci c\u0301e biti prosle\u0111eni trec\u0301im licima samo ako je to neophodno u svrhu izvr\u0161enja ugovora, odnosno radi realizacije kupovine investicionog zlata na Sajtu, ili ako ste prethodno dali saglasnost. Tako\u0111e, nadle\u017eni dr\u017eavni organi, poreske institucije i sudovi mogu zatra\u017eiti zakonom ovla\u0161\u0107eni pristup podacima o li\u010dnosti koje je prikupio KING DOK DOO.<\/p>\n<p>KING DOK DOO mo\u017ee podeliti prikupljene podatke sa pouzdanim trec\u0301im stranama sa kojima ima potpisan ugovor o pru\u017eanju usluga, kao \u0161to su pu\u017eaoci IT usluga, kurirske slu\u017ebe, knjigovodstvo, pravni savetnici, eksterni revizori i dr., pod uslovom primene odgovarajuc\u0301ih mera za\u0161tite.<\/p>\n<p>U pojedinim slu\u010dajevima mo\u017eemo da delimo Va\u0161e podatke o li\u010dnosti, odnosno da ih prenosimo u druge dr\u017eave u skladu sa pozitivnim zakonskim propisima. Kada to \u010dinimo, prenosimo Va\u0161e podatke na servere koji se nalaze u EU ili u zemlji koja obezbe\u0111uje adekvatan nivo za\u0161tite u skladu sa zakonodavstvom Republike Srbije. Pristup \u0107e biti dozvoljen samo ograni\u010denom broju lica odnosno ovla\u0161\u0107enim osobama isklju\u010divo za odr\u017eavanje funkcionalnosti servera.<\/p>\n<p>&nbsp;<\/p>\n<h2>Koliko dugo se \u010duvaju va\u0161i podaci o li\u010dnosti<\/h2>\n<p>U skladu sa rokovima koje propisuje zakon i va\u0161om saglasnosti, KING DOK DOO \u010duva va\u0161e podatke u ograni\u010denom periodu i trajno ih bri\u0161e u najkra\u0107em razumnom roku nakon \u0161to je svrha obrade ispunjena.<\/p>\n<p>Va\u0161e podatke o li\u010dnosti ne \u010duvamo du\u017ee od onog vremena koje je neophodno da bi se realizovala svrha zbog koje su oni prikupljeni, odnosno ne du\u017ee od vremena za koje imamo Va\u0161u saglasnost.<\/p>\n<p>&nbsp;<\/p>\n<h2>Va\u0161a prava<\/h2>\n<p>Kao lice \u010dije li\u010dne podatke prikupljamo, imate slede\u0107a prava:<\/p>\n<ul>\n<li>pravo da budete informisani o prikupljanju i obradi Va\u0161ih li\u010dnih podataka,<\/li>\n<li>pravo pristupa podacima koje smo prikupili o Vama,<\/li>\n<li>pravo na ispravu li\u010dnih podataka, u slu\u010daju nepotpunosti ili neta\u010dnosti,<\/li>\n<li>pravo na zaborav, tj. pravo da tra\u017eite da li\u010dni podaci koje imamo o Vama budu obrisani,<\/li>\n<li>pravo na opoziv pristanka za obradu li\u010dnih podataka, kada je pristanak osnov za obradu,<\/li>\n<li>pravo suprotstavljanja obradi li\u010dnih podataka,<\/li>\n<li>pravo da ulo\u017eite prigovor u pogledu obrade Va\u0161ih podataka u odre\u0111enu svrhu,<\/li>\n<\/ul>\n<p>Pored navedenih prava, ZZPL i drugi relevantni zakoni propisuju i va\u0161a druga prava.<\/p>\n<p>Imate mogu\u0107nost u svakom trenutku da obri\u0161ete svoj registrovani korisni\u010dki nalog, slanjem pisanog obave\u0161tenja na na\u0161u e-mail adresu.<\/p>\n<p>Va\u0161u saglasnost za prijem marketin\u0161kih poruka mo\u017eete da opozovete u svakom trenutku. Link za odjavu mo\u017eete nac\u0301i na kraju svakog biltena.<\/p>\n<p>Na raspolaganju smo vam za dodatne informacije o va\u0161im pravima ili ukoliko imate saznanja ili sumnju o naru\u0161avanju privatnosti ili sigurnosti, molimo Vas da nas kontaktirate i mo\u017eete nam pisati na na\u0161u adresu elektronske po\u0161te: kingdok@gmail.com. Tako\u0111e, imate pravo na podno\u0161enje pritu\u017ebe Povereniku za pristup informacijama od javnog zna\u010daja i za\u0161titu podataka o li\u010dnosti na adresu Bulevar kralja Aleksandra broj 15, 11120 Beograd, telefon: +381 11 3408 900, e-mail: office@poverenik.rs.<\/p>\n<p>&nbsp;<\/p>\n<h2>\u0160ta su kola\u010di\u0107i (cookies)?<\/h2>\n<p>Kola\u010dic\u0301i su male datoteke koje se privremeno ili trajno \u010duvaju u ra\u010dunaru, a koje naj\u010de\u0161\u0107e prikuplja va\u0161 internet pretra\u017eiva\u010d kada posetite odre\u0111enu internet stranicu. Ovi podaci omogu\u0107avaju pra\u0107enje i analizu pona\u0161anja posetioca internet stranice. Podaci prikupljeni kola\u010di\u0107ima su u najve\u0107em broju slu\u010dajeva anonimni i ne mogu se povezati sa va\u0161im identitetom. Ovi podaci ne sadr\u017ee viruse i ne o\u0161te\u0107uju ra\u010dunar.<\/p>\n<p>&nbsp;<\/p>\n<h2>Obave\u0161tenje o kori\u0161\u0107enju kola\u010di\u0107a (cookies)<\/h2>\n<p>KING DOK DOO, putem svog Sajta obra\u0111uje i koristi Kola\u010di\u0107e (Cookies), a u skladu sa Zakonom o elektronskim komunikacijama. Uz pomo\u0107 Kola\u010di\u0107a nastojimo da pobolj\u0161amo performanse Sajta i omogu\u0107imo bolje korisni\u010dko iskustvo za posetioce i potencijalne kupce.<\/p>\n<p>Kola\u010di\u0107i koje KING DOK DOO koristi obuhvataju Kola\u010di\u0107e neophodne za funkcionisanje internet stranice, Funkcionalne kola\u010di\u0107e, Statisti\u010dke kola\u010di\u0107e, Kola\u010di\u0107e u\u010dinka i Marketin\u0161ke kola\u010di\u0107e.<\/p>\n<p>KING DOK DOO prikuplja va\u0161e podatke uspomo\u0107 Kola\u010di\u0107a u okviru Google Analytics paketa usluga koje pru\u017ea privredno dru\u0161tvo Google Inc (\u201eGoogle\u201c). Google Analytics usluge poma\u017eu nam da pobolj\u0161amo na\u0161u internet prodavnicu i da bolje razumemo potrebe na\u0161ih kupaca i posetilaca na\u0161e internet prodavnice. Kori\u0161c\u0301enjem na\u0161e internet stranice, pristajete na obradu podataka o vama od strane Google-a.<\/p>\n<p>Google Inc. c\u0301e koristiti ove informacije u svrhu procena kori\u0161\u0107enja sajta od strane posetilaca, sastavljanje izve\u0161taja o aktivnostima web-sajta i pru\u017eanje drugih usluga u vezi sa aktivnostima web-sajta i kori\u0161c\u0301enjem interneta. Google Inc. ima pravo da va\u0161e podatke skladi\u0161ti i obra\u0111uje u Sjedinjenim Ameri\u010dkim Dr\u017eavama i da ih prenese tre\u0107im licima, u skladu sa ugovornom obavezom ili zakonom.<\/p>\n<p>Kola\u010di\u0107e mo\u017eete obrisati ili spre\u010diti njihovu instalaciju putem promene pode\u0161avanja u va\u0161em internet pretra\u017eiva\u010du (Edge, Internet Explorer, Firefox, Chrome, Opera itd.). Imajte u vidu da uklanjanje odre\u0111enih Funkcionalnih ili Kola\u010di\u0107a neophodnih za funkcionisanje stranice mogu da umanje performanse internet stranice usled su\u017eenog obima funkcija.<\/p>\n<p>Detaljnije informacije o kola\u010di\u0107ima i koracima koje mo\u017eete preduzeti za za\u0161titu svoje privatnosti na Internetu, mo\u017eete prona\u0107i na slede\u0107im linkovima:<\/p>\n<ul>\n<li><a href=\"https:\/\/allaboutcookies.org\/\">All About Cookies<\/a><\/li>\n<li><a href=\"https:\/\/youronlinechoices.eu\/\">Your Online Choices<\/a><\/li>\n<li><a href=\"https:\/\/thenai.org\/\">Network Advertising<\/a><\/li>\n<\/ul>\n<p>&nbsp;<\/p>\n<h2>Saglasnost sa obradom<\/h2>\n<p>Zadr\u017eavamo pravo da a\u017euriramo ovu Politiku privatnosti u cilju pra\u0107enja izmena u zakonodavstvu i tehni\u010dkih inovacija.<\/p>\n<p>Ukoliko niste saglasni sa na\u0161om Politikom privatnosti, molimo Vas da odmah prestanete da koristite Sajt i da se odjavite sa na\u0161eg Newslettera.<\/p>\n<p>KING DOK DOO se obavezuje da \u0107e se pridr\u017eavati svega navedenog u ovoj Politici privatnosti, a sve promene uslova postaju va\u017ee\u0107e tek nakon objavljivanja na ovoj strani. Smatra se da ste prihvatili obradu podatka o li\u010dnosti, kako je navedena u ovom Obave\u0161tenju, klikom na ozna\u010deno polje \u201eSaglasan sam\u201c koje se odnosi na prihvatanje pravila privatnosti i kola\u010di\u0107a.<\/p>\n<p>Oktobar 2023. godine[\/vc_column_text][\/vc_column][\/vc_row]\n","protected":false},"excerpt":{"rendered":"<p>[vc_row type=&#8221;in_container&#8221; full_screen_row_position=&#8221;middle&#8221; column_margin=&#8221;default&#8221; column_direction=&#8221;default&#8221; column_direction_tablet=&#8221;default&#8221; column_direction_phone=&#8221;default&#8221; scene_position=&#8221;center&#8221; text_color=&#8221;dark&#8221; text_align=&#8221;left&#8221; row_border_radius=&#8221;none&#8221; row_border_radius_applies=&#8221;bg&#8221; overflow=&#8221;visible&#8221; overlay_strength=&#8221;0.3&#8243; gradient_direction=&#8221;left_to_right&#8221; shape_divider_position=&#8221;bottom&#8221; bg_image_animation=&#8221;none&#8221;][vc_column column_padding=&#8221;no-extra-padding&#8221; column_padding_tablet=&#8221;inherit&#8221; column_padding_phone=&#8221;inherit&#8221; column_padding_position=&#8221;all&#8221; column_element_direction_desktop=&#8221;default&#8221; column_element_spacing=&#8221;default&#8221; desktop_text_alignment=&#8221;default&#8221; tablet_text_alignment=&#8221;default&#8221;&#8230;<\/p>\n","protected":false},"author":3,"featured_media":0,"parent":0,"menu_order":0,"comment_status":"closed","ping_status":"open","template":"","meta":{"footnotes":""},"class_list":["post-3","page","type-page","status-publish"],"yoast_head":"<!-- This site is optimized with the Yoast SEO plugin v22.8 - https:\/\/yoast.com\/wordpress\/plugins\/seo\/ -->\n<title>Politika privatnosti - KingGold-DOK<\/title>\n<meta name=\"robots\" content=\"index, follow, max-snippet:-1, max-image-preview:large, max-video-preview:-1\" \/>\n<link rel=\"canonical\" href=\"https:\/\/staging.cimzone.com\/kngdok\/politika-privatnosti\/\" \/>\n<meta property=\"og:locale\" content=\"bs_BA\" \/>\n<meta property=\"og:type\" content=\"article\" \/>\n<meta property=\"og:title\" content=\"Politika privatnosti - KingGold-DOK\" \/>\n<meta property=\"og:description\" content=\"[vc_row type=&#8221;in_container&#8221; full_screen_row_position=&#8221;middle&#8221; column_margin=&#8221;default&#8221; column_direction=&#8221;default&#8221; column_direction_tablet=&#8221;default&#8221; column_direction_phone=&#8221;default&#8221; scene_position=&#8221;center&#8221; text_color=&#8221;dark&#8221; text_align=&#8221;left&#8221; row_border_radius=&#8221;none&#8221; row_border_radius_applies=&#8221;bg&#8221; overflow=&#8221;visible&#8221; overlay_strength=&#8221;0.3&#8243; gradient_direction=&#8221;left_to_right&#8221; shape_divider_position=&#8221;bottom&#8221; bg_image_animation=&#8221;none&#8221;][vc_column column_padding=&#8221;no-extra-padding&#8221; column_padding_tablet=&#8221;inherit&#8221; column_padding_phone=&#8221;inherit&#8221; column_padding_position=&#8221;all&#8221; column_element_direction_desktop=&#8221;default&#8221; column_element_spacing=&#8221;default&#8221; desktop_text_alignment=&#8221;default&#8221; tablet_text_alignment=&#8221;default&#8221;...\" \/>\n<meta property=\"og:url\" content=\"https:\/\/staging.cimzone.com\/kngdok\/politika-privatnosti\/\" \/>\n<meta property=\"og:site_name\" content=\"KingGold-DOK\" \/>\n<meta property=\"article:modified_time\" content=\"2024-02-06T16:02:31+00:00\" \/>\n<meta name=\"twitter:card\" content=\"summary_large_image\" \/>\n<meta name=\"twitter:label1\" content=\"Est. reading time\" \/>\n\t<meta name=\"twitter:data1\" content=\"7 minuta\" \/>\n<script type=\"application\/ld+json\" class=\"yoast-schema-graph\">{\"@context\":\"https:\/\/schema.org\",\"@graph\":[{\"@type\":\"WebPage\",\"@id\":\"https:\/\/staging.cimzone.com\/kngdok\/politika-privatnosti\/\",\"url\":\"https:\/\/staging.cimzone.com\/kngdok\/politika-privatnosti\/\",\"name\":\"Politika privatnosti - KingGold-DOK\",\"isPartOf\":{\"@id\":\"https:\/\/staging.cimzone.com\/kngdok\/#website\"},\"datePublished\":\"2023-12-01T19:53:59+00:00\",\"dateModified\":\"2024-02-06T16:02:31+00:00\",\"breadcrumb\":{\"@id\":\"https:\/\/staging.cimzone.com\/kngdok\/politika-privatnosti\/#breadcrumb\"},\"inLanguage\":\"bs-BA\",\"potentialAction\":[{\"@type\":\"ReadAction\",\"target\":[\"https:\/\/staging.cimzone.com\/kngdok\/politika-privatnosti\/\"]}]},{\"@type\":\"BreadcrumbList\",\"@id\":\"https:\/\/staging.cimzone.com\/kngdok\/politika-privatnosti\/#breadcrumb\",\"itemListElement\":[{\"@type\":\"ListItem\",\"position\":1,\"name\":\"Home\",\"item\":\"https:\/\/staging.cimzone.com\/kngdok\/\"},{\"@type\":\"ListItem\",\"position\":2,\"name\":\"Politika privatnosti\"}]},{\"@type\":\"WebSite\",\"@id\":\"https:\/\/staging.cimzone.com\/kngdok\/#website\",\"url\":\"https:\/\/staging.cimzone.com\/kngdok\/\",\"name\":\"King-DOK\",\"description\":\"King DOK WebShop\",\"publisher\":{\"@id\":\"https:\/\/staging.cimzone.com\/kngdok\/#organization\"},\"potentialAction\":[{\"@type\":\"SearchAction\",\"target\":{\"@type\":\"EntryPoint\",\"urlTemplate\":\"https:\/\/staging.cimzone.com\/kngdok\/?s={search_term_string}\"},\"query-input\":\"required name=search_term_string\"}],\"inLanguage\":\"bs-BA\"},{\"@type\":\"Organization\",\"@id\":\"https:\/\/staging.cimzone.com\/kngdok\/#organization\",\"name\":\"King-DOK\",\"url\":\"https:\/\/staging.cimzone.com\/kngdok\/\",\"logo\":{\"@type\":\"ImageObject\",\"inLanguage\":\"bs-BA\",\"@id\":\"https:\/\/staging.cimzone.com\/kngdok\/#\/schema\/logo\/image\/\",\"url\":\"https:\/\/staging.cimzone.com\/kngdok\/wp-content\/uploads\/2023\/12\/FAV-Icon.png\",\"contentUrl\":\"https:\/\/staging.cimzone.com\/kngdok\/wp-content\/uploads\/2023\/12\/FAV-Icon.png\",\"width\":512,\"height\":512,\"caption\":\"King-DOK\"},\"image\":{\"@id\":\"https:\/\/staging.cimzone.com\/kngdok\/#\/schema\/logo\/image\/\"}}]}<\/script>\n<!-- \/ Yoast SEO plugin. -->","yoast_head_json":{"title":"Politika privatnosti - KingGold-DOK","robots":{"index":"index","follow":"follow","max-snippet":"max-snippet:-1","max-image-preview":"max-image-preview:large","max-video-preview":"max-video-preview:-1"},"canonical":"https:\/\/staging.cimzone.com\/kngdok\/politika-privatnosti\/","og_locale":"bs_BA","og_type":"article","og_title":"Politika privatnosti - KingGold-DOK","og_description":"[vc_row type=&#8221;in_container&#8221; full_screen_row_position=&#8221;middle&#8221; column_margin=&#8221;default&#8221; column_direction=&#8221;default&#8221; column_direction_tablet=&#8221;default&#8221; column_direction_phone=&#8221;default&#8221; scene_position=&#8221;center&#8221; text_color=&#8221;dark&#8221; text_align=&#8221;left&#8221; row_border_radius=&#8221;none&#8221; row_border_radius_applies=&#8221;bg&#8221; overflow=&#8221;visible&#8221; overlay_strength=&#8221;0.3&#8243; gradient_direction=&#8221;left_to_right&#8221; shape_divider_position=&#8221;bottom&#8221; bg_image_animation=&#8221;none&#8221;][vc_column column_padding=&#8221;no-extra-padding&#8221; column_padding_tablet=&#8221;inherit&#8221; column_padding_phone=&#8221;inherit&#8221; column_padding_position=&#8221;all&#8221; column_element_direction_desktop=&#8221;default&#8221; column_element_spacing=&#8221;default&#8221; desktop_text_alignment=&#8221;default&#8221; tablet_text_alignment=&#8221;default&#8221;...","og_url":"https:\/\/staging.cimzone.com\/kngdok\/politika-privatnosti\/","og_site_name":"KingGold-DOK","article_modified_time":"2024-02-06T16:02:31+00:00","twitter_card":"summary_large_image","twitter_misc":{"Est. reading time":"7 minuta"},"schema":{"@context":"https:\/\/schema.org","@graph":[{"@type":"WebPage","@id":"https:\/\/staging.cimzone.com\/kngdok\/politika-privatnosti\/","url":"https:\/\/staging.cimzone.com\/kngdok\/politika-privatnosti\/","name":"Politika privatnosti - KingGold-DOK","isPartOf":{"@id":"https:\/\/staging.cimzone.com\/kngdok\/#website"},"datePublished":"2023-12-01T19:53:59+00:00","dateModified":"2024-02-06T16:02:31+00:00","breadcrumb":{"@id":"https:\/\/staging.cimzone.com\/kngdok\/politika-privatnosti\/#breadcrumb"},"inLanguage":"bs-BA","potentialAction":[{"@type":"ReadAction","target":["https:\/\/staging.cimzone.com\/kngdok\/politika-privatnosti\/"]}]},{"@type":"BreadcrumbList","@id":"https:\/\/staging.cimzone.com\/kngdok\/politika-privatnosti\/#breadcrumb","itemListElement":[{"@type":"ListItem","position":1,"name":"Home","item":"https:\/\/staging.cimzone.com\/kngdok\/"},{"@type":"ListItem","position":2,"name":"Politika privatnosti"}]},{"@type":"WebSite","@id":"https:\/\/staging.cimzone.com\/kngdok\/#website","url":"https:\/\/staging.cimzone.com\/kngdok\/","name":"King-DOK","description":"King DOK WebShop","publisher":{"@id":"https:\/\/staging.cimzone.com\/kngdok\/#organization"},"potentialAction":[{"@type":"SearchAction","target":{"@type":"EntryPoint","urlTemplate":"https:\/\/staging.cimzone.com\/kngdok\/?s={search_term_string}"},"query-input":"required name=search_term_string"}],"inLanguage":"bs-BA"},{"@type":"Organization","@id":"https:\/\/staging.cimzone.com\/kngdok\/#organization","name":"King-DOK","url":"https:\/\/staging.cimzone.com\/kngdok\/","logo":{"@type":"ImageObject","inLanguage":"bs-BA","@id":"https:\/\/staging.cimzone.com\/kngdok\/#\/schema\/logo\/image\/","url":"https:\/\/staging.cimzone.com\/kngdok\/wp-content\/uploads\/2023\/12\/FAV-Icon.png","contentUrl":"https:\/\/staging.cimzone.com\/kngdok\/wp-content\/uploads\/2023\/12\/FAV-Icon.png","width":512,"height":512,"caption":"King-DOK"},"image":{"@id":"https:\/\/staging.cimzone.com\/kngdok\/#\/schema\/logo\/image\/"}}]}},"jetpack_sharing_enabled":true,"_links":{"self":[{"href":"https:\/\/staging.cimzone.com\/kngdok\/wp-json\/wp\/v2\/pages\/3","targetHints":{"allow":["GET"]}}],"collection":[{"href":"https:\/\/staging.cimzone.com\/kngdok\/wp-json\/wp\/v2\/pages"}],"about":[{"href":"https:\/\/staging.cimzone.com\/kngdok\/wp-json\/wp\/v2\/types\/page"}],"author":[{"embeddable":true,"href":"https:\/\/staging.cimzone.com\/kngdok\/wp-json\/wp\/v2\/users\/3"}],"replies":[{"embeddable":true,"href":"https:\/\/staging.cimzone.com\/kngdok\/wp-json\/wp\/v2\/comments?post=3"}],"version-history":[{"count":5,"href":"https:\/\/staging.cimzone.com\/kngdok\/wp-json\/wp\/v2\/pages\/3\/revisions"}],"predecessor-version":[{"id":6490,"href":"https:\/\/staging.cimzone.com\/kngdok\/wp-json\/wp\/v2\/pages\/3\/revisions\/6490"}],"wp:attachment":[{"href":"https:\/\/staging.cimzone.com\/kngdok\/wp-json\/wp\/v2\/media?parent=3"}],"curies":[{"name":"wp","href":"https:\/\/api.w.org\/{rel}","templated":true}]}}